{"id":13,"date":"2026-05-08T15:00:25","date_gmt":"2026-05-08T15:00:25","guid":{"rendered":"https:\/\/carmenmmolina.es\/?page_id=13"},"modified":"2026-05-08T15:00:26","modified_gmt":"2026-05-08T15:00:26","slug":"inicio","status":"publish","type":"page","link":"https:\/\/carmenmmolina.es\/","title":{"rendered":"Inicio"},"content":{"rendered":"\n<div class=\"wp-block-group alignfull is-layout-flow wp-block-group-is-layout-flow\">\n<div class=\"wp-block-group alignfull has-global-padding is-layout-constrained wp-block-group-is-layout-constrained\" style=\"padding-top:var(--wp--preset--spacing--50);padding-bottom:var(--wp--preset--spacing--50)\">\n<div class=\"wp-block-columns alignwide is-layout-flex wp-container-core-columns-is-layout-55c14dbb wp-block-columns-is-layout-flex\" style=\"padding-top:var(--wp--preset--spacing--80);padding-bottom:var(--wp--preset--spacing--50)\">\n<div class=\"wp-block-column is-layout-flow wp-block-column-is-layout-flow\" style=\"flex-basis:50%\">\n<h2 class=\"wp-block-heading alignwide has-x-large-font-size\">Me llamo M. Carmen M. Molina y aqui mostrar\u00e9 algunos de mis proyectos pict\u00f3ricos.<\/h2>\n<\/div>\n\n\n\n<div class=\"wp-block-column is-layout-flow wp-block-column-is-layout-flow\" style=\"flex-basis:50%\">\n<div style=\"height:var(--wp--preset--spacing--20)\" aria-hidden=\"true\" class=\"wp-block-spacer\"><\/div>\n<\/div>\n<\/div>\n<\/div>\n<\/div>\n\n\n\n<div class=\"wp-block-group alignfull has-global-padding is-layout-constrained wp-block-group-is-layout-constrained\" style=\"margin-top:0;margin-bottom:0\">\n<div class=\"wp-block-columns alignwide is-layout-flex wp-container-core-columns-is-layout-65e523f9 wp-block-columns-is-layout-flex\">\n<div class=\"wp-block-column is-layout-flow wp-block-column-is-layout-flow\" style=\"flex-basis:66.66%\">\n<div class=\"wp-block-query is-layout-flow wp-block-query-is-layout-flow\"><ul class=\"wp-block-post-template is-layout-flow wp-block-post-template-is-layout-flow\"><li class=\"wp-block-post post-1 post type-post status-publish format-standard hentry category-uncategorized\">\n\n<div class=\"wp-block-group is-layout-flow wp-container-core-group-is-layout-81d5c4b5 wp-block-group-is-layout-flow\">\n<figure class=\"wp-block-image size-full\"><img loading=\"lazy\" decoding=\"async\" width=\"816\" height=\"352\" src=\"https:\/\/carmenmmolina.es\/wp-content\/uploads\/2026\/05\/firma_1.png\" alt=\"\" class=\"wp-image-15\" srcset=\"https:\/\/carmenmmolina.es\/wp-content\/uploads\/2026\/05\/firma_1.png 816w, https:\/\/carmenmmolina.es\/wp-content\/uploads\/2026\/05\/firma_1-300x129.png 300w, https:\/\/carmenmmolina.es\/wp-content\/uploads\/2026\/05\/firma_1-768x331.png 768w, https:\/\/carmenmmolina.es\/wp-content\/uploads\/2026\/05\/firma_1-600x259.png 600w\" sizes=\"auto, (max-width: 816px) 100vw, 816px\" \/><\/figure>\n\n\n<h2 class=\"wp-block-post-title\"><a href=\"https:\/\/carmenmmolina.es\/?p=1\" target=\"_self\" >Hello world!<\/a><\/h2>\n\n<div style=\"font-style:normal;font-weight:300\" class=\"taxonomy-category has-link-color wp-elements-7e25d0198db94e2785ffafdb5bb852e8 wp-block-post-terms\"><a href=\"https:\/\/carmenmmolina.es\/?cat=1\" rel=\"tag\">Uncategorized<\/a><\/div><\/div>\n\n<\/li><\/ul>\n\n<\/div>\n<\/div>\n\n\n\n<div class=\"wp-block-column is-layout-flow wp-block-column-is-layout-flow\" style=\"flex-basis:33.33%\">\n<div class=\"wp-block-query is-layout-flow wp-block-query-is-layout-flow\"><div class=\"wp-block-query-no-results\">\n\n<p>En breve podr\u00e1s a trav\u00e9s de las paginas que estamos preparando ver mis obras e incluso adquirir alguna de ellas si as\u00ed lo deseas .<\/p>\n\n<\/div><\/div>\n<\/div>\n<\/div>\n\n\n\n<div style=\"height:var(--wp--preset--spacing--30)\" aria-hidden=\"true\" class=\"wp-block-spacer\"><\/div>\n<\/div>\n\n\n\n<div class=\"wp-block-group alignfull has-global-padding is-layout-constrained wp-block-group-is-layout-constrained\" style=\"margin-top:0;margin-bottom:0\">\n<div style=\"height:var(--wp--preset--spacing--30)\" aria-hidden=\"true\" class=\"wp-block-spacer\"><\/div>\n\n\n\n<div style=\"height:var(--wp--preset--spacing--30)\" aria-hidden=\"true\" class=\"wp-block-spacer\"><\/div>\n<\/div>\n\n\n\n<div class=\"wp-block-group alignfull has-global-padding is-layout-constrained wp-block-group-is-layout-constrained\" style=\"margin-top:0;margin-bottom:0\">\n<div style=\"height:var(--wp--preset--spacing--30)\" aria-hidden=\"true\" class=\"wp-block-spacer\"><\/div>\n\n\n\n<div class=\"wp-block-columns alignwide is-layout-flex wp-container-core-columns-is-layout-65e523f9 wp-block-columns-is-layout-flex\">\n<div class=\"wp-block-column is-layout-flow wp-block-column-is-layout-flow\" style=\"flex-basis:33.33%\">\n<div class=\"wp-block-query is-layout-flow wp-block-query-is-layout-flow\"><\/div>\n<\/div>\n\n\n\n<div class=\"wp-block-column is-layout-flow wp-block-column-is-layout-flow\" style=\"flex-basis:66.66%\">\n<div class=\"wp-block-query is-layout-flow wp-block-query-is-layout-flow\"><\/div>\n<\/div>\n<\/div>\n\n\n\n<div style=\"height:var(--wp--preset--spacing--70)\" aria-hidden=\"true\" class=\"wp-block-spacer\"><\/div>\n\n\n\n<div class=\"wp-block-query alignwide is-layout-flow wp-block-query-is-layout-flow\"><\/div>\n\n\n\n<hr class=\"wp-block-separator alignfull has-alpha-channel-opacity\"\/>\n\n\n\n<div style=\"height:var(--wp--preset--spacing--30)\" aria-hidden=\"true\" class=\"wp-block-spacer\"><\/div>\n<\/div>\n\n\n\n<div class=\"wp-block-group alignfull has-global-padding is-layout-constrained wp-block-group-is-layout-constrained\" style=\"margin-top:0;margin-bottom:0\">\n<div class=\"wp-block-group alignwide has-global-padding is-layout-constrained wp-block-group-is-layout-constrained\">\n<div class=\"wp-block-group alignwide is-layout-flow wp-block-group-is-layout-flow\"><\/div>\n<\/div>\n<\/div>\n","protected":false},"excerpt":{"rendered":"<p>Me llamo M. Carmen M. Molina y aqui mostrar\u00e9 algunos de mis proyectos pict\u00f3ricos.<\/p>\n","protected":false},"author":1,"featured_media":0,"parent":0,"menu_order":0,"comment_status":"closed","ping_status":"closed","template":"","meta":{"footnotes":""},"class_list":["post-13","page","type-page","status-publish","hentry"],"yoast_head":"<!-- This site is optimized with the Yoast SEO plugin v27.5 - https:\/\/yoast.com\/product\/yoast-seo-wordpress\/ -->\n<title>Inicio - Carmen M. Molina<\/title>\n<meta name=\"robots\" content=\"index, follow, max-snippet:-1, max-image-preview:large, max-video-preview:-1\" \/>\n<link rel=\"canonical\" href=\"https:\/\/carmenmmolina.es\/\" \/>\n<meta property=\"og:locale\" content=\"es_ES\" \/>\n<meta property=\"og:type\" content=\"article\" \/>\n<meta property=\"og:title\" content=\"Inicio - Carmen M. Molina\" \/>\n<meta property=\"og:description\" content=\"Me llamo M. Carmen M. Molina y aqui mostrar\u00e9 algunos de mis proyectos pict\u00f3ricos.\" \/>\n<meta property=\"og:url\" content=\"https:\/\/carmenmmolina.es\/\" \/>\n<meta property=\"og:site_name\" content=\"Carmen M. Molina\" \/>\n<meta property=\"article:modified_time\" content=\"2026-05-08T15:00:26+00:00\" \/>\n<meta property=\"og:image\" content=\"https:\/\/carmenmmolina.es\/wp-content\/uploads\/2026\/05\/firma_1.png\" \/>\n\t<meta property=\"og:image:width\" content=\"816\" \/>\n\t<meta property=\"og:image:height\" content=\"352\" \/>\n\t<meta property=\"og:image:type\" content=\"image\/png\" \/>\n<meta name=\"twitter:card\" content=\"summary_large_image\" \/>\n<meta name=\"twitter:label1\" content=\"Tiempo de lectura\" \/>\n\t<meta name=\"twitter:data1\" content=\"1 minuto\" \/>\n<script type=\"application\/ld+json\" class=\"yoast-schema-graph\">{\"@context\":\"https:\\\/\\\/schema.org\",\"@graph\":[{\"@type\":\"WebPage\",\"@id\":\"https:\\\/\\\/carmenmmolina.es\\\/\",\"url\":\"https:\\\/\\\/carmenmmolina.es\\\/\",\"name\":\"Inicio - Carmen M. Molina\",\"isPartOf\":{\"@id\":\"https:\\\/\\\/carmenmmolina.es\\\/#website\"},\"primaryImageOfPage\":{\"@id\":\"https:\\\/\\\/carmenmmolina.es\\\/#primaryimage\"},\"image\":{\"@id\":\"https:\\\/\\\/carmenmmolina.es\\\/#primaryimage\"},\"thumbnailUrl\":\"https:\\\/\\\/carmenmmolina.es\\\/wp-content\\\/uploads\\\/2026\\\/05\\\/firma_1.png\",\"datePublished\":\"2026-05-08T15:00:25+00:00\",\"dateModified\":\"2026-05-08T15:00:26+00:00\",\"breadcrumb\":{\"@id\":\"https:\\\/\\\/carmenmmolina.es\\\/#breadcrumb\"},\"inLanguage\":\"es\",\"potentialAction\":[{\"@type\":\"ReadAction\",\"target\":[\"https:\\\/\\\/carmenmmolina.es\\\/\"]}]},{\"@type\":\"ImageObject\",\"inLanguage\":\"es\",\"@id\":\"https:\\\/\\\/carmenmmolina.es\\\/#primaryimage\",\"url\":\"https:\\\/\\\/carmenmmolina.es\\\/wp-content\\\/uploads\\\/2026\\\/05\\\/firma_1.png\",\"contentUrl\":\"https:\\\/\\\/carmenmmolina.es\\\/wp-content\\\/uploads\\\/2026\\\/05\\\/firma_1.png\",\"width\":816,\"height\":352},{\"@type\":\"BreadcrumbList\",\"@id\":\"https:\\\/\\\/carmenmmolina.es\\\/#breadcrumb\",\"itemListElement\":[{\"@type\":\"ListItem\",\"position\":1,\"name\":\"Portada\",\"item\":\"https:\\\/\\\/carmenmmolina.es\\\/\"},{\"@type\":\"ListItem\",\"position\":2,\"name\":\"Inicio\"}]},{\"@type\":\"WebSite\",\"@id\":\"https:\\\/\\\/carmenmmolina.es\\\/#website\",\"url\":\"https:\\\/\\\/carmenmmolina.es\\\/\",\"name\":\"Carmen M. Molina\",\"description\":\"Obra Pict\u00f3rica de M.Carmen M.Molina\",\"potentialAction\":[{\"@type\":\"SearchAction\",\"target\":{\"@type\":\"EntryPoint\",\"urlTemplate\":\"https:\\\/\\\/carmenmmolina.es\\\/?s={search_term_string}\"},\"query-input\":{\"@type\":\"PropertyValueSpecification\",\"valueRequired\":true,\"valueName\":\"search_term_string\"}}],\"inLanguage\":\"es\"}]}<\/script>\n<!-- \/ Yoast SEO plugin. -->","yoast_head_json":{"title":"Inicio - Carmen M. Molina","robots":{"index":"index","follow":"follow","max-snippet":"max-snippet:-1","max-image-preview":"max-image-preview:large","max-video-preview":"max-video-preview:-1"},"canonical":"https:\/\/carmenmmolina.es\/","og_locale":"es_ES","og_type":"article","og_title":"Inicio - Carmen M. Molina","og_description":"Me llamo M. Carmen M. Molina y aqui mostrar\u00e9 algunos de mis proyectos pict\u00f3ricos.","og_url":"https:\/\/carmenmmolina.es\/","og_site_name":"Carmen M. Molina","article_modified_time":"2026-05-08T15:00:26+00:00","og_image":[{"width":816,"height":352,"url":"https:\/\/carmenmmolina.es\/wp-content\/uploads\/2026\/05\/firma_1.png","type":"image\/png"}],"twitter_card":"summary_large_image","twitter_misc":{"Tiempo de lectura":"1 minuto"},"schema":{"@context":"https:\/\/schema.org","@graph":[{"@type":"WebPage","@id":"https:\/\/carmenmmolina.es\/","url":"https:\/\/carmenmmolina.es\/","name":"Inicio - Carmen M. Molina","isPartOf":{"@id":"https:\/\/carmenmmolina.es\/#website"},"primaryImageOfPage":{"@id":"https:\/\/carmenmmolina.es\/#primaryimage"},"image":{"@id":"https:\/\/carmenmmolina.es\/#primaryimage"},"thumbnailUrl":"https:\/\/carmenmmolina.es\/wp-content\/uploads\/2026\/05\/firma_1.png","datePublished":"2026-05-08T15:00:25+00:00","dateModified":"2026-05-08T15:00:26+00:00","breadcrumb":{"@id":"https:\/\/carmenmmolina.es\/#breadcrumb"},"inLanguage":"es","potentialAction":[{"@type":"ReadAction","target":["https:\/\/carmenmmolina.es\/"]}]},{"@type":"ImageObject","inLanguage":"es","@id":"https:\/\/carmenmmolina.es\/#primaryimage","url":"https:\/\/carmenmmolina.es\/wp-content\/uploads\/2026\/05\/firma_1.png","contentUrl":"https:\/\/carmenmmolina.es\/wp-content\/uploads\/2026\/05\/firma_1.png","width":816,"height":352},{"@type":"BreadcrumbList","@id":"https:\/\/carmenmmolina.es\/#breadcrumb","itemListElement":[{"@type":"ListItem","position":1,"name":"Portada","item":"https:\/\/carmenmmolina.es\/"},{"@type":"ListItem","position":2,"name":"Inicio"}]},{"@type":"WebSite","@id":"https:\/\/carmenmmolina.es\/#website","url":"https:\/\/carmenmmolina.es\/","name":"Carmen M. Molina","description":"Obra Pict\u00f3rica de M.Carmen M.Molina","potentialAction":[{"@type":"SearchAction","target":{"@type":"EntryPoint","urlTemplate":"https:\/\/carmenmmolina.es\/?s={search_term_string}"},"query-input":{"@type":"PropertyValueSpecification","valueRequired":true,"valueName":"search_term_string"}}],"inLanguage":"es"}]}},"_links":{"self":[{"href":"https:\/\/carmenmmolina.es\/index.php?rest_route=\/wp\/v2\/pages\/13","targetHints":{"allow":["GET"]}}],"collection":[{"href":"https:\/\/carmenmmolina.es\/index.php?rest_route=\/wp\/v2\/pages"}],"about":[{"href":"https:\/\/carmenmmolina.es\/index.php?rest_route=\/wp\/v2\/types\/page"}],"author":[{"embeddable":true,"href":"https:\/\/carmenmmolina.es\/index.php?rest_route=\/wp\/v2\/users\/1"}],"replies":[{"embeddable":true,"href":"https:\/\/carmenmmolina.es\/index.php?rest_route=%2Fwp%2Fv2%2Fcomments&post=13"}],"version-history":[{"count":1,"href":"https:\/\/carmenmmolina.es\/index.php?rest_route=\/wp\/v2\/pages\/13\/revisions"}],"predecessor-version":[{"id":16,"href":"https:\/\/carmenmmolina.es\/index.php?rest_route=\/wp\/v2\/pages\/13\/revisions\/16"}],"wp:attachment":[{"href":"https:\/\/carmenmmolina.es\/index.php?rest_route=%2Fwp%2Fv2%2Fmedia&parent=13"}],"curies":[{"name":"wp","href":"https:\/\/api.w.org\/{rel}","templated":true}]}}